ultiple of 417?
True
Does 340 divide 354818571?
False
Is 70516798 a multiple of 771?
False
Is 332 a factor of 77481164?
True
Does 43 divide 6344263?
True
Is 316 a factor of 12556260?
True
Is 395 a factor of 300827572?
False
Does 8935 divide 1188342614?
False
Does 25 divide 78507575?
True
Is 15 a factor of 229207514?
False
Is 6 a factor of 98999385?
False
Is 49 a factor of 793831362?
False
Is 5 a factor of 112217750?
True
Does 12 divide 111439955?
False
Is 44 a factor of 371668440?
True
Is 160 a factor of 331158270?
False
Is 180728317 a multiple of 39?
False
Is 17 a factor of 19014449?
True
Is 41377308 a multiple of 72?
False
Does 19 divide 1837058073?
True
Is 63 a factor of 35538310?
False
Is 35466481 a multiple of 65?
False
Does 2 divide 7184429?
False
Is 1994 a factor of 1121044985?
False
Is 1314 a factor of 78366960?
True
Is 1456 a factor of 1569747088?
True
Is 177 a factor of 62355507?
True
Is 16402848 a multiple of 196?
True
Is 191634285 a multiple of 255?
True
Does 26 divide 80875574?
True
Is 11495703 a multiple of 61?
False
Is 43 a factor of 30561386?
False
Is 10 a factor of 40524323?
False
Is 14 a factor of 1100187?
False
Does 419 divide 1040462211?
False
Does 12 divide 324018161?
False
Is 86 a factor of 131498627?
False
Does 257 divide 97504750?
False
Is 684 a factor of 72433336?
False
Does 19 divide 31163420?
True
Is 2275113198 a multiple of 3921?
True
Is 239 a factor of 513541212?
True
Is 443508078 a multiple of 377?
True
Does 302 divide 29311637?
False
Is 12934642 a multiple of 7?
True
Does 205 divide 107517580?
True
Is 1906589176 a multiple of 83?
False
Does 2090 divide 62664470?
True
Is 2908583978 a multiple of 177?
False
Does 2817 divide 1595905?
False
Does 220 divide 584109517?
False
Is 1047 a factor of 742814043?
True
Is 223 a factor of 19834490?
False
Is 429134950 a multiple of 7486?
True
Does 95 divide 19714716?
False
Is 590137035 a multiple of 12?
False
Is 37311664 a multiple of 4?
True
Is 445 a factor of 57396616?
False
Is 1734706042 a multiple of 86?
False
Is 880 a factor of 3503407448?
False
Is 875952962 a multiple of 13?
False
Is 158 a factor of 1696302261?
False
Is 24768864 a multiple of 32?
True
Is 214 a factor of 502885020?
True
Is 71685444 a multiple of 292?
False
Is 3453773851 a multiple of 368?
False
Does 368 divide 218036614?
False
Is 3435 a factor of 2710126?
False
Does 23 divide 66243437?
False
Is 13 a factor of 42538839?
False
Does 41 divide 20834437?
True
Is 331718306 a multiple of 5955?
False
Is 58999511 a multiple of 1348?
False
Is 1156688211 a multiple of 51?
True
Is 195935376 a multiple of 31?
True
Is 183826320 a multiple of 327?
True
Is 4439465065 a multiple of 4173?
False
Is 5 a factor of 155418431?
False
Is 67 a factor of 9491823?
True
Is 1727 a factor of 1638471293?
False
Is 945298562 a multiple of 1469?
True
Is 273 a factor of 27093033?
False
Is 86 a factor of 4506142?
True
Is 181657877 a multiple of 713?
False
Is 37 a factor of 70585307?
True
Is 620796804 a multiple of 1406?
True
Does 36 divide 26251884?
True
Is 38967601 a multiple of 52?
False
Is 26 a factor of 6581271346?
True
Is 1880834183 a multiple of 11?
False
Is 290837864 a multiple of 651?
False
Is 116611758 a multiple of 54?
True
Is 15 a factor of 64137938?
False
Is 30 a factor of 29067301?
False
Does 6 divide 23086977?
False
Is 99 a factor of 19446966?
True
Is 1924 a factor of 139639191?
False
Does 1039 divide 30088812?
False
Does 15 divide 471826375?
False
Is 479353891 a multiple of 4?
False
Is 146 a factor of 100022410?
True
Does 5405 divide 363825582?
False
Is 10913184 a multiple of 24?
True
Does 77 divide 326270714?
True
Is 30431486 a multiple of 772?
False
Is 113 a factor of 43399684?
True
Is 481641 even?
False
Does 2352 divide 1039094784?
True
Is 2 a factor of 76937440?
True
Does 31 divide 451403834?
True
Is 7402 a factor of 6239981121?
False
Is 22 a factor of 72006660?
True
Is 48918983 a multiple of 180?
False
Is 23 a factor of 178239512?
True
Does 876 divide 1437725580?
False
Is 1407991097 a multiple of 16?
False
Is 691 a factor of 37454273?
True
Is 31653420 a multiple of 3?
True
Is 1109332129 a multiple of 1242?
False
Is 342800022 a multiple of 46?
False
Is 40658640 a multiple of 771?
False
Does 2627 divide 218763984?
False
Does 1946 divide 5084898?
True
Does 2705 divide 202627991?
False
Is 923 a factor of 55180632?
True
Is 20427316 a multiple of 1274?
True
Does 115 divide 11740925?
True
Is 126243264 a multiple of 84?
True
Is 12426195 a multiple of 109?
False
Does 1179 divide 1743385471?
False
Is 2600 a factor of 3560481600?
True
Does 7 divide 54612033?
True
Is 381 a factor of 94844616?
True
Is 213 a factor of 104929304?
False
Is 690253701 a multiple of 852?
False
Is 28 a factor of 287804048?
True
Is 51 a factor of 3992355680?
False
Does 120 divide 35045535?
False
Is 563584646 a multiple of 3434?
True
Does 33 divide 8290778?
False
Is 3 a factor of 32753147?
False
Is 212 a factor of 2833664638?
False
Is 1742587 a multiple of 61?
True
Is 70897806 a multiple of 14?
True
Is 23373060 a multiple of 230?
True
Is 134215504 a multiple of 29?
False
Does 14 divide 16728793?
False
Does 4 divide 114958016?
True
Is 88833391 a multiple of 1080?
False
Is 9367517 a multiple of 54?
False
Is 393016735 a multiple of 6095?
False
Is 19 a factor of 242340611?
True
Is 194 a factor of 512088877?
False
Is 1246 a factor of 13131594?
True
Is 10 a factor of 1579291420?
True
Does 1073 divide 4602586?
False
Does 375 divide 28595485?
False
Is 928204900 a multiple of 2540?
True
Is 406 a factor of 152276527?
False
Is 223260225 a multiple of 15?
True
Does 518 divide 153147434?
False
Is 34 a factor of 330962429?
False
Does 37 divide 126003278?
True
Is 5 a factor of 115926039?
False
Is 76 a factor of 1599009238?
False
Is 68813074 a multiple of 52?
False
Does 550 divide 118208200?
True
Is 10848249 a multiple of 42?
False
Does 238 divide 104449713?
False
Is 11 a factor of 126857337?
False
Does 64 divide 41804032?
True
Is 120 a factor of 12129600?
True
Does 424 divide 307156624?
True
Is 2294 a factor of 425018556?
True
Is 12912363 a multiple of 7?
False
Is 341 a factor of 1323183?
False
Is 4 a factor of 833247614?
False
Is 9100303 a multiple of 39?
False
Is 136223730 a multiple of 290?
True
Does 332 divide 69848280?
False
Is 1190 a factor of 355611270?
True
Does 104 divide 397279009?
False
Does 158 divide 183844796?
False
Is 121 a factor of 1475057276?
True
Is 100 a factor of 1641252390?
False
Is 7825 a factor of 3470810050?
True
Does 50 divide 1011706800?
True
Is 683974 a multiple of 11?
False
Does 15 divide 275545937?
False
Does 533 divide 6602909?
False
Does 2243 divide 827671249?
False
Does 5 divide 128438684?
False
Does 6 divide 133745591?
False
Does 1551 divide 438403920?
False
Does 775 divide 6395300?
True
Is 33101151 a multiple of 3387?
True
Is 174665920 a multiple of 605?
True
Is 109730300 a multiple of 109?
True
Is 8 a factor of 2730019776?
True
Is 3 a factor of 958091589?
True
Is 15 a factor of 1378099?
False
Is 789 a factor of 241725930?
True
Does 42 divide 30718491?
False
Is 11317700 a multiple of 2?
True
Is 976225762 a multiple of 12187?
False
Does 69 divide 104113341?
True
Is 43278284 a multiple of 340?
False
Is 607261415 a multiple of 5?
True
Is 7 a factor of 7864796?
False
Does 72 divide 46149624?
True
Does 144 divide 139102272?
True
Is 27 a factor of 6358699179?
True
Is 812 a factor of 52274124?
True
Is 2 a factor of 1229472?
True
Does 1477 divide 914415131?
True
Does 11 divide 10234967?
False
Does 46 divide 127868730?
True
Does 62 divide 29484410?
True
Does 137 divide 387984?
True
Is 13 a factor of 548916719?
True
Does 3103 divide 169943942?
False
Is 132273410 a multiple of 80?
False
Is 3270523930 a multiple of 670?
True
Is 32524239 a multiple of 11?
True
Does 78 divide 2563753374?
True
Is 22571063 a multiple of 2?
False
Does 66 divide 2702951525?
False
Does 3160 divide 325416800?
True
Is 361324544 a multiple of 14?
True
Is 843049140 a multiple of 435?
True
Is 22999585 a multiple of 8?
False
Is 1484 a factor of 163477440?
True
Is 3115 a factor of 28489746?
False
Is 2951932668 a multiple of 1772?
False
Is 89 a factor of 2233529508?
False
Does 184 divide 11877936?
True
Is 17 a factor of 183507425?
False
Does 4 divide 32197889?
False
Is 31669753 a m